{"id":114,"date":"2016-06-24T16:21:10","date_gmt":"2016-06-24T16:21:10","guid":{"rendered":"http:\/\/lechatquiguette.com\/?page_id=114"},"modified":"2020-02-18T19:00:50","modified_gmt":"2020-02-18T18:00:50","slug":"bathroom-feydeau","status":"publish","type":"page","link":"https:\/\/lechatquiguette.com\/?page_id=114","title":{"rendered":"Bathroom Feydeau"},"content":{"rendered":"<p><img decoding=\"async\" loading=\"lazy\" class=\"alignnone size-full wp-image-390\" src=\"https:\/\/lechatquiguette.com\/wp-content\/uploads\/2020\/02\/Affiche-Feydeau-72-dpi.jpg\" alt=\"\" width=\"842\" height=\"1191\" srcset=\"https:\/\/lechatquiguette.com\/wp-content\/uploads\/2020\/02\/Affiche-Feydeau-72-dpi.jpg 842w, https:\/\/lechatquiguette.com\/wp-content\/uploads\/2020\/02\/Affiche-Feydeau-72-dpi-212x300.jpg 212w, https:\/\/lechatquiguette.com\/wp-content\/uploads\/2020\/02\/Affiche-Feydeau-72-dpi-724x1024.jpg 724w, https:\/\/lechatquiguette.com\/wp-content\/uploads\/2020\/02\/Affiche-Feydeau-72-dpi-768x1086.jpg 768w\" sizes=\"(max-width: 842px) 100vw, 842px\" \/><\/p>\n<p><strong>Prochaines repr\u00e9sentations les 16 et 17 d\u00e9cembre, Salle Vasse, Nantes<\/strong><\/p>\n<p>Il s&rsquo;agit ici d&rsquo;une cr\u00e9ation r\u00e9unissant des sc\u00e8nes des 4 pi\u00e8ces suivantes de Georges Feydeau : \u00ab L\u00e9onie est en avance \u00bb, \u00ab Mais n&rsquo;te prom\u00e8ne donc pas toute nue \u00bb, \u00ab Un bain de m\u00e9nage \u00bb et \u00ab Feu la m\u00e8re de Madame \u00bb.<br \/>Ces sc\u00e8nes d\u00e9peignent tour \u00e0 tour le couple dans des moments pr\u00e9cis de la vie (la naissance, la mort, l&rsquo;adult\u00e8re, la pression de la r\u00e9ussite sociale).<br \/>On y voit les protagonistes se d\u00e9battre, s&#8217;emp\u00eatrer dans des convenances, dans leur mauvaise foi, dans leurs ambitions. Ces pi\u00e8ces font parties pour trois d&rsquo;entre elles, des derni\u00e8res que l&rsquo;auteur ait \u00e9crites.<br \/>Elles ne s&rsquo;inscrivent pas dans le genre vaudeville mais dans la farce conjugale. Le style s&rsquo;appuie sur des transcriptions r\u00e9alistes de situations et de langage.<br \/>L&rsquo;auteur y attaque f\u00e9rocement les probl\u00e8mes de couple, ils vivent dans une urgence qui leur interdit toute r\u00e9flexion. C&rsquo;est cela qui ressortira de ces fragments Feydeau, cette in\u00e9puisable, universelle et atemporelle folie du couple.<\/p>\n<p><iframe loading=\"lazy\" title=\"Bathroom Feydeau\" width=\"810\" height=\"456\" src=\"https:\/\/www.youtube.com\/embed\/fvf9cNnhD60?feature=oembed\" frameborder=\"0\" allow=\"accelerometer; autoplay; encrypted-media; gyroscope; picture-in-picture\" allowfullscreen><\/iframe><\/p>\n<hr \/>\n\n\n<figure class=\"wp-block-gallery columns-3 is-cropped wp-block-gallery-1 is-layout-flex\"><ul class=\"blocks-gallery-grid\"><li class=\"blocks-gallery-item\"><figure><img decoding=\"async\" loading=\"lazy\" width=\"700\" height=\"465\" src=\"https:\/\/lechatquiguette.com\/wp-content\/uploads\/2016\/06\/IMG_3667_reduite.jpg\" alt=\"\" data-id=\"566\" data-full-url=\"https:\/\/lechatquiguette.com\/wp-content\/uploads\/2016\/06\/IMG_3667_reduite.jpg\" data-link=\"https:\/\/lechatquiguette.com\/?attachment_id=566\" class=\"wp-image-566\" srcset=\"https:\/\/lechatquiguette.com\/wp-content\/uploads\/2016\/06\/IMG_3667_reduite.jpg 700w, https:\/\/lechatquiguette.com\/wp-content\/uploads\/2016\/06\/IMG_3667_reduite-300x199.jpg 300w, https:\/\/lechatquiguette.com\/wp-content\/uploads\/2016\/06\/IMG_3667_reduite-120x80.jpg 120w\" sizes=\"(max-width: 700px) 100vw, 700px\" \/><\/figure><\/li><li class=\"blocks-gallery-item\"><figure><img decoding=\"async\" loading=\"lazy\" width=\"465\" height=\"700\" src=\"https:\/\/lechatquiguette.com\/wp-content\/uploads\/2016\/10\/IMG_3727_reduite.jpg\" alt=\"\" data-id=\"555\" data-full-url=\"https:\/\/lechatquiguette.com\/wp-content\/uploads\/2016\/10\/IMG_3727_reduite.jpg\" data-link=\"https:\/\/lechatquiguette.com\/?attachment_id=555\" class=\"wp-image-555\" srcset=\"https:\/\/lechatquiguette.com\/wp-content\/uploads\/2016\/10\/IMG_3727_reduite.jpg 465w, https:\/\/lechatquiguette.com\/wp-content\/uploads\/2016\/10\/IMG_3727_reduite-199x300.jpg 199w\" sizes=\"(max-width: 465px) 100vw, 465px\" \/><\/figure><\/li><li class=\"blocks-gallery-item\"><figure><img decoding=\"async\" loading=\"lazy\" width=\"1024\" height=\"683\" src=\"https:\/\/lechatquiguette.com\/wp-content\/uploads\/2016\/12\/IMG_4575-1024x683.jpg\" alt=\"\" data-id=\"550\" data-full-url=\"https:\/\/lechatquiguette.com\/wp-content\/uploads\/2016\/12\/IMG_4575-scaled-e1582045904186.jpg\" data-link=\"https:\/\/lechatquiguette.com\/?attachment_id=550\" class=\"wp-image-550\"\/><\/figure><\/li><li class=\"blocks-gallery-item\"><figure><img decoding=\"async\" loading=\"lazy\" width=\"1024\" height=\"683\" src=\"https:\/\/lechatquiguette.com\/wp-content\/uploads\/2018\/03\/IMG_5542-1024x683.jpg\" alt=\"\" data-id=\"533\" data-full-url=\"https:\/\/lechatquiguette.com\/wp-content\/uploads\/2018\/03\/IMG_5542-scaled-e1582025264772.jpg\" data-link=\"https:\/\/lechatquiguette.com\/?attachment_id=533\" class=\"wp-image-533\"\/><\/figure><\/li><li class=\"blocks-gallery-item\"><figure><img decoding=\"async\" loading=\"lazy\" width=\"682\" height=\"1024\" src=\"https:\/\/lechatquiguette.com\/wp-content\/uploads\/2020\/02\/Yvonne-Luvien-682x1024.jpg\" alt=\"\" data-id=\"400\" data-full-url=\"https:\/\/lechatquiguette.com\/wp-content\/uploads\/2020\/02\/Yvonne-Luvien.jpg\" data-link=\"https:\/\/lechatquiguette.com\/?attachment_id=400\" class=\"wp-image-400\" srcset=\"https:\/\/lechatquiguette.com\/wp-content\/uploads\/2020\/02\/Yvonne-Luvien-682x1024.jpg 682w, https:\/\/lechatquiguette.com\/wp-content\/uploads\/2020\/02\/Yvonne-Luvien-200x300.jpg 200w, https:\/\/lechatquiguette.com\/wp-content\/uploads\/2020\/02\/Yvonne-Luvien-768x1152.jpg 768w, https:\/\/lechatquiguette.com\/wp-content\/uploads\/2020\/02\/Yvonne-Luvien-1024x1536.jpg 1024w, https:\/\/lechatquiguette.com\/wp-content\/uploads\/2020\/02\/Yvonne-Luvien.jpg 1181w\" sizes=\"(max-width: 682px) 100vw, 682px\" \/><\/figure><\/li><li class=\"blocks-gallery-item\"><figure><img decoding=\"async\" loading=\"lazy\" width=\"1024\" height=\"762\" src=\"https:\/\/lechatquiguette.com\/wp-content\/uploads\/2020\/02\/Ventrou-et-Clar-1024x762.jpg\" alt=\"\" data-id=\"399\" data-full-url=\"https:\/\/lechatquiguette.com\/wp-content\/uploads\/2020\/02\/Ventrou-et-Clar.jpg\" data-link=\"https:\/\/lechatquiguette.com\/?attachment_id=399\" class=\"wp-image-399\" srcset=\"https:\/\/lechatquiguette.com\/wp-content\/uploads\/2020\/02\/Ventrou-et-Clar-1024x762.jpg 1024w, https:\/\/lechatquiguette.com\/wp-content\/uploads\/2020\/02\/Ventrou-et-Clar-300x223.jpg 300w, https:\/\/lechatquiguette.com\/wp-content\/uploads\/2020\/02\/Ventrou-et-Clar-768x571.jpg 768w, https:\/\/lechatquiguette.com\/wp-content\/uploads\/2020\/02\/Ventrou-et-Clar-1536x1142.jpg 1536w, https:\/\/lechatquiguette.com\/wp-content\/uploads\/2020\/02\/Ventrou-et-Clar.jpg 1588w\" sizes=\"(max-width: 1024px) 100vw, 1024px\" \/><\/figure><\/li><li class=\"blocks-gallery-item\"><figure><img decoding=\"async\" loading=\"lazy\" width=\"682\" height=\"1024\" src=\"https:\/\/lechatquiguette.com\/wp-content\/uploads\/2020\/02\/Lucien-peignoir-682x1024.jpg\" alt=\"\" data-id=\"398\" data-full-url=\"https:\/\/lechatquiguette.com\/wp-content\/uploads\/2020\/02\/Lucien-peignoir.jpg\" data-link=\"https:\/\/lechatquiguette.com\/?attachment_id=398\" class=\"wp-image-398\" srcset=\"https:\/\/lechatquiguette.com\/wp-content\/uploads\/2020\/02\/Lucien-peignoir-682x1024.jpg 682w, https:\/\/lechatquiguette.com\/wp-content\/uploads\/2020\/02\/Lucien-peignoir-200x300.jpg 200w, https:\/\/lechatquiguette.com\/wp-content\/uploads\/2020\/02\/Lucien-peignoir-768x1152.jpg 768w, https:\/\/lechatquiguette.com\/wp-content\/uploads\/2020\/02\/Lucien-peignoir-1024x1536.jpg 1024w, https:\/\/lechatquiguette.com\/wp-content\/uploads\/2020\/02\/Lucien-peignoir.jpg 1181w\" sizes=\"(max-width: 682px) 100vw, 682px\" \/><\/figure><\/li><li class=\"blocks-gallery-item\"><figure><img decoding=\"async\" loading=\"lazy\" width=\"682\" height=\"1024\" src=\"https:\/\/lechatquiguette.com\/wp-content\/uploads\/2020\/02\/Julien-682x1024.jpg\" alt=\"\" data-id=\"397\" data-full-url=\"https:\/\/lechatquiguette.com\/wp-content\/uploads\/2020\/02\/Julien.jpg\" data-link=\"https:\/\/lechatquiguette.com\/?attachment_id=397\" class=\"wp-image-397\" srcset=\"https:\/\/lechatquiguette.com\/wp-content\/uploads\/2020\/02\/Julien-682x1024.jpg 682w, https:\/\/lechatquiguette.com\/wp-content\/uploads\/2020\/02\/Julien-200x300.jpg 200w, https:\/\/lechatquiguette.com\/wp-content\/uploads\/2020\/02\/Julien-768x1152.jpg 768w, https:\/\/lechatquiguette.com\/wp-content\/uploads\/2020\/02\/Julien-1024x1536.jpg 1024w, https:\/\/lechatquiguette.com\/wp-content\/uploads\/2020\/02\/Julien.jpg 1181w\" sizes=\"(max-width: 682px) 100vw, 682px\" \/><\/figure><\/li><li class=\"blocks-gallery-item\"><figure><img decoding=\"async\" loading=\"lazy\" width=\"682\" height=\"1024\" src=\"https:\/\/lechatquiguette.com\/wp-content\/uploads\/2020\/02\/Julien-Leonie-682x1024.jpg\" alt=\"\" data-id=\"396\" data-full-url=\"https:\/\/lechatquiguette.com\/wp-content\/uploads\/2020\/02\/Julien-Leonie.jpg\" data-link=\"https:\/\/lechatquiguette.com\/?attachment_id=396\" class=\"wp-image-396\" srcset=\"https:\/\/lechatquiguette.com\/wp-content\/uploads\/2020\/02\/Julien-Leonie-682x1024.jpg 682w, https:\/\/lechatquiguette.com\/wp-content\/uploads\/2020\/02\/Julien-Leonie-200x300.jpg 200w, https:\/\/lechatquiguette.com\/wp-content\/uploads\/2020\/02\/Julien-Leonie-768x1152.jpg 768w, https:\/\/lechatquiguette.com\/wp-content\/uploads\/2020\/02\/Julien-Leonie-1024x1536.jpg 1024w, https:\/\/lechatquiguette.com\/wp-content\/uploads\/2020\/02\/Julien-Leonie.jpg 1181w\" sizes=\"(max-width: 682px) 100vw, 682px\" \/><\/figure><\/li><li class=\"blocks-gallery-item\"><figure><img decoding=\"async\" loading=\"lazy\" width=\"1024\" height=\"682\" src=\"https:\/\/lechatquiguette.com\/wp-content\/uploads\/2020\/02\/Fleur-me\u0300re-1024x682.jpg\" alt=\"\" data-id=\"395\" data-full-url=\"https:\/\/lechatquiguette.com\/wp-content\/uploads\/2020\/02\/Fleur-me\u0300re.jpg\" data-link=\"https:\/\/lechatquiguette.com\/?attachment_id=395\" class=\"wp-image-395\" srcset=\"https:\/\/lechatquiguette.com\/wp-content\/uploads\/2020\/02\/Fleur-me\u0300re-1024x682.jpg 1024w, https:\/\/lechatquiguette.com\/wp-content\/uploads\/2020\/02\/Fleur-me\u0300re-300x200.jpg 300w, https:\/\/lechatquiguette.com\/wp-content\/uploads\/2020\/02\/Fleur-me\u0300re-768x512.jpg 768w, https:\/\/lechatquiguette.com\/wp-content\/uploads\/2020\/02\/Fleur-me\u0300re-1536x1024.jpg 1536w, https:\/\/lechatquiguette.com\/wp-content\/uploads\/2020\/02\/Fleur-me\u0300re-120x80.jpg 120w, https:\/\/lechatquiguette.com\/wp-content\/uploads\/2020\/02\/Fleur-me\u0300re.jpg 1772w\" sizes=\"(max-width: 1024px) 100vw, 1024px\" \/><\/figure><\/li><li class=\"blocks-gallery-item\"><figure><img decoding=\"async\" loading=\"lazy\" width=\"1024\" height=\"758\" src=\"https:\/\/lechatquiguette.com\/wp-content\/uploads\/2020\/02\/Clarisse-1024x758.jpg\" alt=\"\" data-id=\"394\" data-full-url=\"https:\/\/lechatquiguette.com\/wp-content\/uploads\/2020\/02\/Clarisse.jpg\" data-link=\"https:\/\/lechatquiguette.com\/?attachment_id=394\" class=\"wp-image-394\" srcset=\"https:\/\/lechatquiguette.com\/wp-content\/uploads\/2020\/02\/Clarisse-1024x758.jpg 1024w, https:\/\/lechatquiguette.com\/wp-content\/uploads\/2020\/02\/Clarisse-300x222.jpg 300w, https:\/\/lechatquiguette.com\/wp-content\/uploads\/2020\/02\/Clarisse-768x569.jpg 768w, https:\/\/lechatquiguette.com\/wp-content\/uploads\/2020\/02\/Clarisse-1536x1137.jpg 1536w, https:\/\/lechatquiguette.com\/wp-content\/uploads\/2020\/02\/Clarisse.jpg 1595w\" sizes=\"(max-width: 1024px) 100vw, 1024px\" \/><\/figure><\/li><li class=\"blocks-gallery-item\"><figure><img decoding=\"async\" loading=\"lazy\" width=\"1024\" height=\"682\" src=\"https:\/\/lechatquiguette.com\/wp-content\/uploads\/2020\/02\/Adelaide-1024x682.jpg\" alt=\"\" data-id=\"393\" data-full-url=\"https:\/\/lechatquiguette.com\/wp-content\/uploads\/2020\/02\/Adelaide.jpg\" data-link=\"https:\/\/lechatquiguette.com\/?attachment_id=393\" class=\"wp-image-393\" srcset=\"https:\/\/lechatquiguette.com\/wp-content\/uploads\/2020\/02\/Adelaide-1024x682.jpg 1024w, https:\/\/lechatquiguette.com\/wp-content\/uploads\/2020\/02\/Adelaide-300x200.jpg 300w, https:\/\/lechatquiguette.com\/wp-content\/uploads\/2020\/02\/Adelaide-768x512.jpg 768w, https:\/\/lechatquiguette.com\/wp-content\/uploads\/2020\/02\/Adelaide-1536x1024.jpg 1536w, https:\/\/lechatquiguette.com\/wp-content\/uploads\/2020\/02\/Adelaide-120x80.jpg 120w, https:\/\/lechatquiguette.com\/wp-content\/uploads\/2020\/02\/Adelaide.jpg 1772w\" sizes=\"(max-width: 1024px) 100vw, 1024px\" \/><\/figure><\/li><li class=\"blocks-gallery-item\"><figure><img decoding=\"async\" loading=\"lazy\" width=\"1024\" height=\"816\" src=\"https:\/\/lechatquiguette.com\/wp-content\/uploads\/2020\/02\/IMG_4313-1024x816.jpg\" alt=\"\" data-id=\"392\" data-full-url=\"https:\/\/lechatquiguette.com\/wp-content\/uploads\/2020\/02\/IMG_4313-scaled.jpg\" data-link=\"https:\/\/lechatquiguette.com\/?attachment_id=392\" class=\"wp-image-392\" srcset=\"https:\/\/lechatquiguette.com\/wp-content\/uploads\/2020\/02\/IMG_4313-1024x816.jpg 1024w, https:\/\/lechatquiguette.com\/wp-content\/uploads\/2020\/02\/IMG_4313-300x239.jpg 300w, https:\/\/lechatquiguette.com\/wp-content\/uploads\/2020\/02\/IMG_4313-768x612.jpg 768w, https:\/\/lechatquiguette.com\/wp-content\/uploads\/2020\/02\/IMG_4313-1536x1224.jpg 1536w, https:\/\/lechatquiguette.com\/wp-content\/uploads\/2020\/02\/IMG_4313-2048x1632.jpg 2048w\" sizes=\"(max-width: 1024px) 100vw, 1024px\" \/><\/figure><\/li><li class=\"blocks-gallery-item\"><figure><img decoding=\"async\" loading=\"lazy\" width=\"800\" height=\"533\" src=\"https:\/\/lechatquiguette.com\/wp-content\/uploads\/2019\/04\/IMG_5691-e1554816873430.jpg\" alt=\"\" data-id=\"388\" data-full-url=\"https:\/\/lechatquiguette.com\/wp-content\/uploads\/2019\/04\/IMG_5691-e1554816873430.jpg\" data-link=\"https:\/\/lechatquiguette.com\/?attachment_id=388\" class=\"wp-image-388\" srcset=\"https:\/\/lechatquiguette.com\/wp-content\/uploads\/2019\/04\/IMG_5691-e1554816873430.jpg 800w, https:\/\/lechatquiguette.com\/wp-content\/uploads\/2019\/04\/IMG_5691-e1554816873430-300x200.jpg 300w, https:\/\/lechatquiguette.com\/wp-content\/uploads\/2019\/04\/IMG_5691-e1554816873430-768x512.jpg 768w, https:\/\/lechatquiguette.com\/wp-content\/uploads\/2019\/04\/IMG_5691-e1554816873430-120x80.jpg 120w\" sizes=\"(max-width: 800px) 100vw, 800px\" \/><\/figure><\/li><\/ul><\/figure>\n","protected":false},"excerpt":{"rendered":"<p>Prochaines repr\u00e9sentations les 16 et 17 d\u00e9cembre, Salle Vasse, Nantes Il s&rsquo;agit ici d&rsquo;une cr\u00e9ation r\u00e9unissant des sc\u00e8nes des 4<\/p>\n","protected":false},"author":1,"featured_media":0,"parent":0,"menu_order":0,"comment_status":"closed","ping_status":"closed","template":"","meta":[],"_links":{"self":[{"href":"https:\/\/lechatquiguette.com\/index.php?rest_route=\/wp\/v2\/pages\/114"}],"collection":[{"href":"https:\/\/lechatquiguette.com\/index.php?rest_route=\/wp\/v2\/pages"}],"about":[{"href":"https:\/\/lechatquiguette.com\/index.php?rest_route=\/wp\/v2\/types\/page"}],"author":[{"embeddable":true,"href":"https:\/\/lechatquiguette.com\/index.php?rest_route=\/wp\/v2\/users\/1"}],"replies":[{"embeddable":true,"href":"https:\/\/lechatquiguette.com\/index.php?rest_route=%2Fwp%2Fv2%2Fcomments&post=114"}],"version-history":[{"count":22,"href":"https:\/\/lechatquiguette.com\/index.php?rest_route=\/wp\/v2\/pages\/114\/revisions"}],"predecessor-version":[{"id":576,"href":"https:\/\/lechatquiguette.com\/index.php?rest_route=\/wp\/v2\/pages\/114\/revisions\/576"}],"wp:attachment":[{"href":"https:\/\/lechatquiguette.com\/index.php?rest_route=%2Fwp%2Fv2%2Fmedia&parent=114"}],"curies":[{"name":"wp","href":"https:\/\/api.w.org\/{rel}","templated":true}]}}