{"id":169,"date":"2016-11-20T15:11:12","date_gmt":"2016-11-20T15:11:12","guid":{"rendered":"http:\/\/lechatquiguette.com\/?page_id=169"},"modified":"2020-02-18T18:58:34","modified_gmt":"2020-02-18T17:58:34","slug":"les-trois-caramels-capitaux","status":"publish","type":"page","link":"https:\/\/lechatquiguette.com\/?page_id=169","title":{"rendered":"Les trois caramels capitaux"},"content":{"rendered":"<p><img decoding=\"async\" loading=\"lazy\" class=\"alignnone size-full wp-image-448 aligncenter\" src=\"https:\/\/lechatquiguette.com\/wp-content\/uploads\/2020\/02\/caramels_web.jpg\" alt=\"\" width=\"440\" height=\"622\" srcset=\"https:\/\/lechatquiguette.com\/wp-content\/uploads\/2020\/02\/caramels_web.jpg 440w, https:\/\/lechatquiguette.com\/wp-content\/uploads\/2020\/02\/caramels_web-212x300.jpg 212w\" sizes=\"(max-width: 440px) 100vw, 440px\" \/><\/p>\n<hr \/>\n<p>L&rsquo;inventivit\u00e9, l&rsquo;imagination et la r\u00e9flexion d&rsquo;un enfant autour de la question : \u00ab Mais alors, pourquoi bien se comporter ? \u00bb Un spectacle musical sur ce qui fait de nous des \u00eatres humains, d&rsquo;apr\u00e8s un texte de Jean-Claude Mourlevat.<br \/>La phrase \u00ab La premi\u00e8re fois que je suis mort, une belle surprise m&rsquo;attendait \u00bb ouvre ce r\u00e9cit \u00e9tonnant, dr\u00f4le, po\u00e9tique et philosophique. Le ton est donn\u00e9. Nous suivrons le parcours imaginaire d&rsquo;un enfant qui imagine les cons\u00e9quences de son comportement quand il sera adulte et au-del\u00e0 de \u00e7a, s&rsquo;il doit rendre des comptes \u00e0 Saint-Pierre et pourquoi pas au diable ?Dans ce r\u00e9cit empli d&rsquo;humour et de l\u00e9g\u00e8ret\u00e9, Jean-Claude Mourlevat aborde des th\u00e8mes fondamentaux tels que \u00ab Pourquoi bien se comporter ? \u00bb, la conscience de chacun vis \u00e0 vis de soi-m\u00eame, de la soci\u00e9t\u00e9, la trahison, le pouvoir et la richesse de notre imagination, l&#8217;emprunte de la religion dans notre soci\u00e9t\u00e9 que l&rsquo;on soit croyant ou non.<br \/>Ce texte interroge le jeune lecteur, lui permet de grandir.<\/p>\n<hr \/>\n<p>A propos de l&rsquo;auteur :<br \/>Jean-Claude Mourlevat n\u00e9 le 22\/03\/1952 a fait des \u00e9tudes \u00e0 Strasbourg, Toulouse, Bonn et Paris. Il a obtient son CAPES d&rsquo;allemand en 1976 et enseigne pendant en Allemagne avant de d\u00e9missionner de l&rsquo;\u00e9ducation nationale en 1990, puis a choisi de se consacrer au th\u00e9\u00e2tre. Il a cr\u00e9\u00e9 alors deux solos clownesques qu&rsquo;il a interpr\u00e9t\u00e9s plus de mille fois en France et un peu partout dans le monde. Plus tard, il a mont\u00e9 des pi\u00e8ces de Brecht, Cocteau, Shakespeare, etc.<br \/>Il se consacre depuis une quinzaine d&rsquo;ann\u00e9e \u00e0 l&rsquo;\u00e9criture.<\/p>\n<hr \/>\n\n\n<figure class=\"wp-block-gallery columns-3 is-cropped wp-block-gallery-1 is-layout-flex\"><ul class=\"blocks-gallery-grid\"><li class=\"blocks-gallery-item\"><figure><img decoding=\"async\" loading=\"lazy\" width=\"1024\" height=\"768\" src=\"https:\/\/lechatquiguette.com\/wp-content\/uploads\/2020\/02\/P1013168-1024x768.jpg\" alt=\"\" data-id=\"574\" data-full-url=\"https:\/\/lechatquiguette.com\/wp-content\/uploads\/2020\/02\/P1013168-scaled-e1582048505489.jpg\" data-link=\"https:\/\/lechatquiguette.com\/?attachment_id=574\" class=\"wp-image-574\"\/><\/figure><\/li><li class=\"blocks-gallery-item\"><figure><img decoding=\"async\" loading=\"lazy\" width=\"1024\" height=\"768\" src=\"https:\/\/lechatquiguette.com\/wp-content\/uploads\/2017\/10\/P1013309-1024x768.jpg\" alt=\"\" data-id=\"573\" data-full-url=\"https:\/\/lechatquiguette.com\/wp-content\/uploads\/2017\/10\/P1013309-scaled-e1582048409341.jpg\" data-link=\"https:\/\/lechatquiguette.com\/?attachment_id=573\" class=\"wp-image-573\"\/><\/figure><\/li><li class=\"blocks-gallery-item\"><figure><img decoding=\"async\" loading=\"lazy\" width=\"1024\" height=\"685\" src=\"https:\/\/lechatquiguette.com\/wp-content\/uploads\/2018\/05\/DSC_4694-1024x685.jpg\" alt=\"\" data-id=\"531\" data-full-url=\"https:\/\/lechatquiguette.com\/wp-content\/uploads\/2018\/05\/DSC_4694-scaled-e1582025001605.jpg\" data-link=\"https:\/\/lechatquiguette.com\/?attachment_id=531\" class=\"wp-image-531\"\/><\/figure><\/li><li class=\"blocks-gallery-item\"><figure><img decoding=\"async\" loading=\"lazy\" width=\"1024\" height=\"685\" src=\"https:\/\/lechatquiguette.com\/wp-content\/uploads\/2020\/02\/DSC_4718-1024x685.jpg\" alt=\"\" data-id=\"445\" data-full-url=\"https:\/\/lechatquiguette.com\/wp-content\/uploads\/2020\/02\/DSC_4718-scaled.jpg\" data-link=\"https:\/\/lechatquiguette.com\/?attachment_id=445\" class=\"wp-image-445\" srcset=\"https:\/\/lechatquiguette.com\/wp-content\/uploads\/2020\/02\/DSC_4718-1024x685.jpg 1024w, https:\/\/lechatquiguette.com\/wp-content\/uploads\/2020\/02\/DSC_4718-300x201.jpg 300w, https:\/\/lechatquiguette.com\/wp-content\/uploads\/2020\/02\/DSC_4718-768x514.jpg 768w, https:\/\/lechatquiguette.com\/wp-content\/uploads\/2020\/02\/DSC_4718-1536x1028.jpg 1536w, https:\/\/lechatquiguette.com\/wp-content\/uploads\/2020\/02\/DSC_4718-2048x1371.jpg 2048w, https:\/\/lechatquiguette.com\/wp-content\/uploads\/2020\/02\/DSC_4718-120x80.jpg 120w\" sizes=\"(max-width: 1024px) 100vw, 1024px\" \/><\/figure><\/li><li class=\"blocks-gallery-item\"><figure><img decoding=\"async\" loading=\"lazy\" width=\"1024\" height=\"685\" src=\"https:\/\/lechatquiguette.com\/wp-content\/uploads\/2020\/02\/DSC_4685-1024x685.jpg\" alt=\"\" data-id=\"446\" data-full-url=\"https:\/\/lechatquiguette.com\/wp-content\/uploads\/2020\/02\/DSC_4685-scaled-e1582026008756.jpg\" data-link=\"https:\/\/lechatquiguette.com\/?attachment_id=446\" class=\"wp-image-446\"\/><\/figure><\/li><li class=\"blocks-gallery-item\"><figure><img decoding=\"async\" loading=\"lazy\" width=\"1024\" height=\"685\" src=\"https:\/\/lechatquiguette.com\/wp-content\/uploads\/2020\/02\/DSC_4697-1024x685.jpg\" alt=\"\" data-id=\"447\" data-full-url=\"https:\/\/lechatquiguette.com\/wp-content\/uploads\/2020\/02\/DSC_4697-scaled.jpg\" data-link=\"https:\/\/lechatquiguette.com\/?attachment_id=447\" class=\"wp-image-447\" srcset=\"https:\/\/lechatquiguette.com\/wp-content\/uploads\/2020\/02\/DSC_4697-1024x685.jpg 1024w, https:\/\/lechatquiguette.com\/wp-content\/uploads\/2020\/02\/DSC_4697-300x201.jpg 300w, https:\/\/lechatquiguette.com\/wp-content\/uploads\/2020\/02\/DSC_4697-768x514.jpg 768w, https:\/\/lechatquiguette.com\/wp-content\/uploads\/2020\/02\/DSC_4697-1536x1028.jpg 1536w, https:\/\/lechatquiguette.com\/wp-content\/uploads\/2020\/02\/DSC_4697-2048x1371.jpg 2048w, https:\/\/lechatquiguette.com\/wp-content\/uploads\/2020\/02\/DSC_4697-120x80.jpg 120w\" sizes=\"(max-width: 1024px) 100vw, 1024px\" \/><\/figure><\/li><li class=\"blocks-gallery-item\"><figure><img decoding=\"async\" loading=\"lazy\" width=\"1024\" height=\"685\" src=\"https:\/\/lechatquiguette.com\/wp-content\/uploads\/2020\/02\/DSC_4726-1024x685.jpg\" alt=\"\" data-id=\"444\" data-full-url=\"https:\/\/lechatquiguette.com\/wp-content\/uploads\/2020\/02\/DSC_4726-scaled.jpg\" data-link=\"https:\/\/lechatquiguette.com\/?attachment_id=444\" class=\"wp-image-444\" srcset=\"https:\/\/lechatquiguette.com\/wp-content\/uploads\/2020\/02\/DSC_4726-1024x685.jpg 1024w, https:\/\/lechatquiguette.com\/wp-content\/uploads\/2020\/02\/DSC_4726-300x201.jpg 300w, https:\/\/lechatquiguette.com\/wp-content\/uploads\/2020\/02\/DSC_4726-768x514.jpg 768w, https:\/\/lechatquiguette.com\/wp-content\/uploads\/2020\/02\/DSC_4726-1536x1028.jpg 1536w, https:\/\/lechatquiguette.com\/wp-content\/uploads\/2020\/02\/DSC_4726-2048x1371.jpg 2048w, https:\/\/lechatquiguette.com\/wp-content\/uploads\/2020\/02\/DSC_4726-120x80.jpg 120w\" sizes=\"(max-width: 1024px) 100vw, 1024px\" \/><\/figure><\/li><\/ul><\/figure>\n","protected":false},"excerpt":{"rendered":"<p>L&rsquo;inventivit\u00e9, l&rsquo;imagination et la r\u00e9flexion d&rsquo;un enfant autour de la question : \u00ab Mais alors, pourquoi bien se comporter ?<\/p>\n","protected":false},"author":1,"featured_media":0,"parent":0,"menu_order":0,"comment_status":"closed","ping_status":"closed","template":"","meta":[],"_links":{"self":[{"href":"https:\/\/lechatquiguette.com\/index.php?rest_route=\/wp\/v2\/pages\/169"}],"collection":[{"href":"https:\/\/lechatquiguette.com\/index.php?rest_route=\/wp\/v2\/pages"}],"about":[{"href":"https:\/\/lechatquiguette.com\/index.php?rest_route=\/wp\/v2\/types\/page"}],"author":[{"embeddable":true,"href":"https:\/\/lechatquiguette.com\/index.php?rest_route=\/wp\/v2\/users\/1"}],"replies":[{"embeddable":true,"href":"https:\/\/lechatquiguette.com\/index.php?rest_route=%2Fwp%2Fv2%2Fcomments&post=169"}],"version-history":[{"count":8,"href":"https:\/\/lechatquiguette.com\/index.php?rest_route=\/wp\/v2\/pages\/169\/revisions"}],"predecessor-version":[{"id":575,"href":"https:\/\/lechatquiguette.com\/index.php?rest_route=\/wp\/v2\/pages\/169\/revisions\/575"}],"wp:attachment":[{"href":"https:\/\/lechatquiguette.com\/index.php?rest_route=%2Fwp%2Fv2%2Fmedia&parent=169"}],"curies":[{"name":"wp","href":"https:\/\/api.w.org\/{rel}","templated":true}]}}